8. Calculate the highest common factor of c and l.
16
Suppose 4*l + 70 = -826. Let k = l + 422. What is the highest common factor of 18 and k?
18
Let o(k) = -2*k - 4. Let m be o(4). Let a be (-812)/(-6) + (-8)/m. Calculate the greatest common factor of a and 17.
17
Suppose -5*u - 15 = 0, -u + 15 = -0*n + 3*n. Calculate the greatest common factor of n and 10.
2
Suppose -u = 2*x - 7, x + 2*u = 6*u + 8. Let q = x - -6. Suppose -q - 1 = -i. What is the highest common divisor of i and 88?
11
Let b be (-1)/4 - 140/16. Let u = 26 + b. Calculate the highest common divisor of 17 and u.
17
Let n = -1 + 11. Calculate the highest common factor of 15 and n.
5
Let c be (-284)/(-10) + 4/(-10). Calculate the highest common divisor of c and 224.
28
Let u be 27/(-2)*(6 + 0). Let k = -21 - u. What is the highest common factor of k and 12?
12
Let s be (-238)/(-22) + 2/11. What is the highest common divisor of 77 and s?
11
Let q(x) = -x + 7. Let w be q(4). Let o = w + -3. Let p = o + 14. Calculate the greatest common factor of p and 7.
7
Let u be 2/(-4) + 55/10. Suppose u*k = -14 + 464. Suppose -4*b + 2*b + k = 0. Calculate the greatest common factor of 9 and b.
9
Let l(u) = -u**3 - 7*u**2 - 8*u - 3. Suppose 3*a = v - 15, -4*a + v = 2*v + 27. Let d be l(a). Calculate the highest common divisor of 99 and d.
9
Let j be (-2)/(-6) - 130/(-6). Let l be 1/2*1*j. Calculate the highest common divisor of l and 44.
11
Suppose 0 = c - 3*o - 10 - 4, 0 = -4*c - 4*o + 24. Let t = c + -7. What is the highest common divisor of 11 and t?
1
Suppose -4*l + 9 = 25. Let j be (0 - l)/((-4)/(-56)). What is the highest common divisor of j and 14?
14
Let y be (12/10)/(4/10). Let h(k) = 2*k + 1. Let g be h(y). Calculate the greatest common divisor of g and 77.
7
Let d(z) = z**2 + z - 1. Suppose 5*f - 5 = -20. Let b be d(f). Suppose 3*n = -b*j + 74 + 262, -339 = -3*n - 4*j. What is the highest common factor of n and 13?
13
Suppose 20*x = 25*x - 10. Calculate the highest common factor of x and 2.
2
Suppose -5*a = -2*p + 31, p + 3*a = 19 + 2. What is the highest common divisor of 18 and p?
18
Let f be -4*(10/(-4) - -2). Suppose f*r + 204 = -0*y + 3*y, -r + 3 = 0. Calculate the highest common divisor of y and 10.
10
Let r(u) = u**2 + 5*u - 3. Let n be r(-6). Suppose -3*l + 2*h = -260, -n*l + h + 292 - 36 = 0. Calculate the greatest common factor of l and 12.
12
Let z(j) = -46*j**3 - j**2 - j - 1. Let i be ((-1)/3)/(4/12). Let r be z(i). Calculate the highest common divisor of r and 15.
15
Suppose -3*c = -0*c - 27. Let u = -2 + c. Let q = 198 - 121. What is the greatest common divisor of q and u?
7
Let c = 0 - -5. Let m be (-497)/(-5) - 2/c. What is the greatest common factor of 9 and m?
9
Let h(p) = -26*p + 14. Let o be h(-5). Calculate the greatest common factor of o and 18.
18
Suppose 2*f - 20 - 2 = 0. Let p(i) = 10*i**2 + 5*i + 2. Suppose 5*v = -7 - 8. Let x be p(v). Calculate the highest common factor of x and f.
11
Let m(b) = b**3 + 0*b**3 - 4 - 6*b**2 + 5*b + b**3. Let w be m(4). Let n be (-11)/(-1)*1 - -1. What is the greatest common divisor of n and w?
12
Let j(i) = -4*i + 2. Let b be j(-2). Let w = b + 3. What is the highest common factor of 117 and w?
13
Let b = 7 + -2. Suppose -2*p = 12 - 92. Calculate the greatest common divisor of p and b.
5
Suppose -k - x = -50, -4*k + 106 = -4*x - 102. Calculate the greatest common factor of k and 34.
17
Let q be ((-1 - 1) + 12)*2. What is the highest common divisor of q and 4?
4
Suppose -u + 5*n - 4 = 0, 2*u = -0*u + n - 8. Let t be (-1*2)/(u/26). What is the greatest common factor of 104 and t?
13
Suppose -5 = -3*l + 2*i, -3 = -l - 5*i + 10. Suppose g - l = 3. Calculate the highest common divisor of 6 and g.
6
Let f(x) = x**2 + 3*x + 10. Let g be f(-6). Suppose -2*n = -5 - 3. Calculate the greatest common divisor of g and n.
4
Let d be 3 - 0/4 - 12. Let r(v) = 3*v**2 + 10*v - 9. Let b be r(d). What is the highest common divisor of 16 and b?
16
Suppose 2*c - 192 = -4*j, 2*j + 2*c + 2*c = 84. Suppose -265 = -3*o - 2*o. Suppose -13 = 2*a - o. Calculate the highest common divisor of j and a.
10
Suppose -p - 17 = -4*i - 0*p, -5*p = -5*i + 40. Let j = i - 0. Suppose 0 = -4*h + 3 + 1, 3*r - 51 = -j*h. Calculate the greatest common factor of r and 8.
8
Suppose 0*u = 4*u - 380. Suppose u = 2*v + 15. Calculate the greatest common divisor of v and 8.
8
Let i = -107 - -215. Calculate the highest common factor of i and 12.
12
Let w(a) = 8*a - 1. Suppose 0 = 2*l - 3*l + 2. Let p be w(l). What is the greatest common factor of 3 and p?
3
Suppose -4 = z - 5*z + 4*i, -3*i - 9 = 3*z. Let a be (-13)/z + 4/2. What is the highest common divisor of 45 and a?
15
Suppose -2*o + 0*o + 20 = 0. Let n be (-3 - -1)*(-10)/4. What is the highest common factor of o and n?
5
Suppose 11*t + 168 = 17*t. Calculate the greatest common divisor of 4 and t.
4
Suppose 10 = 6*u - u. Suppose 5*g = u*m - 4*m - 9, 2*g = -10. Suppose 4*j + 36 = m*j. What is the greatest common divisor of j and 18?
9
Let h = 19 + -36. Let d = h - -28. What is the greatest common factor of 33 and d?
11
Let g = 136 + -56. Calculate the greatest common factor of g and 48.
16
Let g(j) = 36*j**2 + 8*j + 4. Let p be g(-5). Suppose 4*b - p = -0*b. Calculate the greatest common factor of 27 and b.
27
Let f be 109 - (3 + 4/(-1)). Let a be 1 - 0 - (-8 + -1). What is the highest common factor of f and a?
10
Let t(b) = b**2 + 45 + 5*b**3 - 3*b**3 - 3*b**3. Let p be t(0). Let k(v) = 4*v + 2. Let a be k(7). What is the highest common divisor of p and a?
15
Let g(m) = -26*m + 2. Let h be g(-3). Suppose -12 = 4*n - 2*j, 5*n + 4*j = 7*j - 17. Let u be (16 + n)*4/6. What is the highest common divisor of u and h?
10
Let n = 278 - 168. What is the highest common divisor of 10 and n?
10
Suppose 2*p + 0*p = 44. What is the greatest common divisor of 110 and p?
22
Let b = 16 - 1. Calculate the greatest common divisor of 135 and b.
15
Let u be 6/27 - 74/9. Let o = 13 + u. Let y be 0 + 36 - 1/1. What is the highest common divisor of y and o?
5
Suppose 0 = 5*i - 0*k + k - 937, -927 = -5*i + 4*k. What is the greatest common divisor of 17 and i?
17
Suppose 5 = -n, -113 = -0*s - s + 4*n. Suppose 104*w - 99*w - 301 = 3*y, -2*y = -4*w + 242. Calculate the highest common divisor of s and w.
31
Let o(a) = a**2 - 2*a + 3. Let y = 8 + -6. Let u be o(y). Suppose -q + 16 = 2*t - 60, 2*q + u*t - 149 = 0. What is the highest common factor of 10 and q?
10
Let u(r) = -r**3 + 6*r**2 - 5*r - 3. Let s be u(3). Calculate the greatest common factor of s and 18.
9
Suppose 2*u = v - 2, 4*u = -2*v + 6 - 2. Let g(k) = 17*k + 2. Let s be g(v). Suppose s + 124 = 2*r. What is the highest common divisor of 16 and r?
16
Let a(d) = d**3 - 2*d**2 + d. Let w be a(2). Suppose w*j = -0 + 18. Calculate the highest common divisor of j and 36.
9
Let q be 8/(-12) + (-6)/(-9). Let l = -25 + 46. Suppose q = -6*u + 3*u + l. Calculate the highest common divisor of u and 77.
7
Let m(c) = -2*c - 4. Let k be m(-11). What is the greatest common factor of 162 and k?
18
Suppose l - 2*l + 9 = 0. Let m be (l - (-4)/(-2)) + -3. What is the highest common factor of m and 36?
4
Suppose -4*u + 0*u = -88. Let r = u - 2. What is the greatest common factor of r and 140?
20
Suppose -2*p - 4 = -3*d + 13, 4*p = -4*d + 16. Let h(w) = 12*w - 5. Let l be h(d). Let z be (-9)/(-2) + 2/4. What is the greatest common factor of l and z?
5
Suppose 14*x - 178 = 270. What is the greatest common divisor of x and 4?
4
Let a(u) = 13*u**3 - 2*u**2 + 1. Let i be a(1). Calculate the highest common divisor of 108 and i.
12
Let s(o) = 116*o**2 + 1. Let y be s(1). Suppose 65 = 7*d - 26. What is the greatest common factor of d and y?
13
Suppose -4*b + 1 = -3*f - 5, -16 = -4*b - 2*f. Suppose -5*z + 20 = 0, u = -2*u - 3*z + 48. What is the greatest common factor of b and u?
3
Suppose -5*w - 4*l + 76 = -2*l, -l = -3. What is the greatest common factor of w and 70?
14
Suppose -5*l = -9 - 16. Let b be (l - 0)*(-8)/(-4). What is the greatest common divisor of 20 and b?
10
Let d(w) = w**3 - 3*w**2 - w + 9. Let x be d(0). Calculate the greatest common divisor of 1 and x.
1
Let r(m) = 2*m. Let a be r(-3). Suppose p = 3*p - 26. Let o = p + a. Calculate the greatest common divisor of o and 56.
7
Suppose 451 = 13*b - 9